60 + g**4/12 + g**3/6 - 16*g**2. Let f be -2 + (-24)/(-18) + 2/(-6). Is w(f) a prime number?
False
Is ((2 - 172930) + -1)*99/(-297) prime?
False
Suppose -16 = 4*s, 0 = -r + 5*s - 2*s + 19. Suppose r*v + 31*v = 5890. Is v a composite number?
True
Suppose 3607069 = -54*h + 17117815. Is h prime?
True
Let i = -155280 + 245765. Is i composite?
True
Suppose -4*z + y = -13, 6*z = 5*z - 5*y - 2. Suppose -2*s + 2*j = -18614, z*s = -3*j + 3593 + 24352. Is s composite?
False
Is (3/6*-1)/(5/(-116170)) a composite number?
False
Is 18/(-4)*-11*(-9298372)/(-1254) a composite number?
True
Suppose 4*z - 55*y = -59*y + 639996, -5*z - 3*y = -799999. Is z prime?
True
Suppose -9*x = -4*x + 40. Let u = -158 + 162. Is u/x*-2*7151 prime?
True
Let h(q) = q**3 + 7*q**2 - 6*q + 6. Let d be h(-8). Let z = d - -29. Suppose -z*o + 134 = -18*o. Is o prime?
False
Suppose -4*b = -u + 8, -u + 5*b + 3 = -6. Suppose 0 = -m + 4*y + 3135, -1841 + 5000 = m + u*y. Suppose 9*n - m = 6*n. Is n prime?
True
Suppose 0 = -k - 4*x + 95587, 2*x = -3*k + x + 286805. Is k a prime number?
True
Suppose -7 = 4*j + 7*a - 2*a, 0 = -2*a - 6. Is (j + 1566/(-12))*-22 a prime number?
False
Let w(g) = -14504*g + 757. Is w(-5) prime?
True
Suppose 0*y + y = 751. Let g = 3780 + y. Let a = g + -2838. Is a a composite number?
False
Suppose 0 = -4*n - 4*y + 7044, 4*n + 2*y = -0*n + 7044. Suppose 6309 = 6*l - n. Is l a composite number?
True
Is 690/92*(-37612)/(-6) a prime number?
False
Suppose -24684980 = 55*f - 50*f. Is f/(-506) - 1/(-11) composite?
True
Let j = 1782 + -703. Is j prime?
False
Let h(t) = 5103*t**2 - 10*t + 48. Is h(-7) prime?
False
Let w = 3092 - 577. Suppose 3773 = 3*j - 4*n, 2*j = 3*n - 0*n + w. Is j a prime number?
True
Let o(m) = 985*m - 3904. Is o(135) prime?
False
Let n(a) = 25*a + 2. Let d be n(10). Let x be (270/21)/(3/d). Let u = 2581 - x. Is u a composite number?
True
Let n be (1/(-18)*-4)/((-6)/(-54)). Let k be (n/6)/(12/(-108)) + 23. Suppose 3*r - v - 397 = 0, -3*v - 2*v - k = 0. Is r composite?
False
Let y(v) = -v + 24. Let k be y(21). Is k/9*(3207 - 0) a prime number?
True
Suppose 4*d + 127 = -x, -4*x - 46 = d + x. Let j = -19 - d. Suppose 13*o - 901 = j*o. Is o a composite number?
True
Let b(h) = -h**3 + 9*h**2 + 3*h + 4. Suppose -3*q = -3*v + 3, 4 = 3*v + 2*q - 4. Suppose -4*m = t - 38, -v*m = -4*t - 12 + 2. Is b(m) composite?
False
Suppose -5*x + 498429 = 4*i, 3*x + 53*i - 299055 = 50*i. Is x a composite number?
False
Let r(f) = -34*f**3 - 45*f**2 + 64*f + 181. Is r(-21) a prime number?
False
Let h(u) = 7668*u + 6485. Is h(37) a composite number?
False
Suppose d = 5*d + 16. Let i = -85 + 73. Is (4874/d)/(1 + 18/i) a prime number?
True
Suppose 5*a - 3 - 7 = 0. Let y be (-30)/(-9) - 6/18. Suppose 307 = -a*k + y*k. Is k composite?
False
Let c(l) = 168*l - 29. Suppose -21 = 2*v - 141. Suppose -v = 25*j - 35*j. Is c(j) a composite number?
True
Suppose 18*p = 16*p + 8. Suppose -a = -4*m + 5, p*a - 13 = -1. Is 10 + -10 + (m - 1)*1273 composite?
True
Suppose -4*a + 3*u = -555141, -200580 = -2*a - 3*u + 76977. Is a a composite number?
True
Suppose -4*g + 4*s - 3320 = 0, 3*s + 1650 = -3*g + g. Let n = 53 + g. Let r = 1842 + n. Is r composite?
True
Suppose -971 - 353 = -4*l. Let u(m) = -m**2 - 17*m - 24. Let n be u(-15). Is l/(0/n - -1) composite?
False
Let m(v) = -13*v**2 - 35*v - 14. Let l be m(-19). Let i = l - -7495. Is i composite?
True
Let k be (2 - (-6)/2)*31924/(-10). Let f = -10741 - k. Is f a composite number?
True
Let r(s) = -5*s**2 + 4*s + 207563. Is r(0) a composite number?
False
Let f(y) = -y**3 + 5*y**2 + y - 3. Let o be 2/4*((12 - 3) + 1). Let v be f(o). Suppose -j - v*n + 1213 = 0, 4*n - 1844 = -3*j + 1801. Is j composite?
True
Suppose -3*b + 1690776 = 3*t, 26*b - 24*b + 1690811 = 3*t. Is t a composite number?
False
Let o = 339440 + -191589. Is o a composite number?
True
Suppose 2*n - 6*n + c + 103555 = 0, -5*n + 129434 = 2*c. Suppose 2*k + 2*w - 12930 = 0, -3*k + 7*k = 3*w + n. Is k a composite number?
False
Let k(f) = f**3 + 29*f**2 - 20*f + 51. Let n = 177 - 206. Is k(n) composite?
False
Suppose 2*y - 4*z = -2 - 6, -2*y = 3*z + 15. Let a(j) = -83*j + 23. Is a(y) a prime number?
True
Let o = -1761 + 968. Let g be (-5974)/4 - (-2)/(-4). Let a = o - g. Is a prime?
True
Let a be (23 - 27)*(-3)/((-9)/(-6)). Suppose 4*h = a, -4*g + 11*h = 6*h - 23058. Is g composite?
True
Let x(k) = k**3 - k**2 - 24*k + 23. Let i be x(5). Suppose i*y = 2*y + 307. Is y a prime number?
True
Let f(a) = -47*a - 14 - a**2 - 2*a**2 + 55*a + 2*a**3. Let l = 128 - 123. Is f(l) a composite number?
True
Let y = 360 + -362. Is (3084 + -49)*y/(-2) a composite number?
True
Let x be 7 - 6 - (-2 + 7). Is (-22)/264 - x/(144/293295) composite?
False
Suppose c - 163774 = 3*m, -276*c + 272*c - 2*m + 655138 = 0. Is c prime?
False
Suppose -6*t + 60 = 4*t. Suppose -t*f = 4 - 34. Suppose 10*i = f*i + 1570. Is i composite?
True
Suppose 16*r + 255 = c + 19*r, -c + 275 = -2*r. Suppose -27*j + c = -2352. Is j composite?
False
Let k(l) = 3*l**2 + 19*l + 35. Let m be k(35). Suppose -d + 6606 = -m. Is d a prime number?
False
Suppose 2*m + 4*r = -0*r - 20, -2*m - 5*r = 25. Suppose m = 22*t - 27*t. Is 1277 - t*(2/4)/(-1) composite?
False
Suppose -190125 = -3*t - 2*p, 5*p + 0*p - 15 = 0. Is t a prime number?
False
Let w(g) be the third derivative of g**6/120 - 53*g**5/60 + 29*g**4/24 - 217*g**3/6 - 288*g**2. Is w(54) a composite number?
True
Let m = 25 + -12. Let i = m + -11. Suppose -5*u = 3*o - 301, -3*u + i*o + 93 = -80. Is u a prime number?
True
Let f = 331 + -644. Let j = f + 758. Is j prime?
False
Let p(h) = h**2 + 9*h - 250. Let s be p(-21). Suppose 2*j - 103346 = -5*o, -o + 51687 = j - s*o. Is j a composite number?
False
Suppose -3*c + c = -3*i - 37541, -3*c = 2*i - 56305. Is c prime?
False
Suppose -143018*m + 31349626 = -142996*m. Is m a prime number?
False
Let g be -1*(23/5 - 18/(-45)). Is -1942*((-12)/30)/((-4)/g) composite?
False
Suppose 5*h = -58*d + 55*d + 3807193, 6 = d. Is h a composite number?
True
Suppose y = 4*b + 44099, -4*y + 176333 = -37*b + 42*b. Is y prime?
True
Suppose -2*u + 262 + 192 = 4*o, -5*u - 2*o = -1175. Suppose -75212 = -241*b + u*b. Is b composite?
False
Suppose 26*r + 3360404 = 142*r. Is r a composite number?
True
Suppose 27*v = -4*n + 22*v + 312328, -4*n + 312324 = 4*v. Is n prime?
False
Suppose 2*z - x + 39622 - 178000 = 0, 2*x = -4*z + 276772. Is z composite?
False
Let x = 57990 + 140179. Is x a composite number?
True
Let l(x) = 467*x**3 - x**2 + x + 1. Let q be l(1). Suppose -16*c = -20*c + q. Suppose -9*z = -12*z + c. Is z a composite number?
True
Let a(y) be the second derivative of -375*y**3/2 + 35*y**2 + 87*y. Is a(-9) composite?
True
Let u = -324065 + 1444482. Is u composite?
True
Let u(q) be the third derivative of 7*q**5/120 + 1163*q**4/24 - q**3/6 + 19*q**2. Let m(y) be the first derivative of u(y). Is m(0) a composite number?
False
Let j(s) be the second derivative of 49*s**6/180 - 17*s**5/120 + 5*s**4/6 + 6*s. Let g(t) be the third derivative of j(t). Is g(9) composite?
False
Suppose 44*v - 47*v - 2934 = 0. Suppose -r = -4*d + 33, 17 = 2*d + 7. Is (v/4)/(r/26) a prime number?
False
Let k(m) be the third derivative of m**7/2520 + m**6/60 - m**5/60 + 7*m**4/8 + 21*m**2. Let r(o) be the second derivative of k(o). Is r(9) a prime number?
False
Suppose -j + 456612 = 3*u + 134324, 2*u - 3*j - 214833 = 0. Is u a prime number?
False
Suppose 981*n - 150877419 = 442*n. Is n prime?
False
Let g be (2/2 - (-48)/(-36))*21. Is (-23072)/g - (-4 - -1) composite?
False
Let o(s) = 507*s**3 - 4*s**2 + 7*s - 5. Let r = 113 + -113. Let m be r - -2 - (5 - 5). Is o(m) a prime number?
True
Let n = 55339 - 32816. Is n prime?
False
Suppose 2*s - s = 454. Let h = s + 141. Suppose -5*j = 4*k - 476, 5*k - 3*j - h = -0*k. Is k composite?
True
Let i(y) = -180*y**3 - 4*y**2 + 106*y + 125. Is i(-22) a prime number?
False
Let y(s) = 491*s + 258. Let j be y(14). Let q = -2433 + j. Is q a prime number?
False
Let m(s) = 7*s - 68. Let a be m(17). Suppose -2*h = 2*b + 34, 4*h - 3*b + 3 = -a. Is (-13611)/h + 1/(15/(-6)) a composite number?
False
Let b = -821 - -811. Let z be (-3)/(-2) + 26/(-4). Is (-5566)/b + (-2)/z a prime number?
True
Suppose -9*p - 60770 + 386687 = 0. Is p a composite number?
True
Suppo